{"id":29,"date":"2014-01-29T09:46:09","date_gmt":"2014-01-29T08:46:09","guid":{"rendered":"http:\/\/www.mac123.net\/natureauxpattes\/?page_id=29"},"modified":"2022-07-16T17:01:37","modified_gmt":"2022-07-16T16:01:37","slug":"a-propos","status":"publish","type":"page","link":"https:\/\/www.mac123.net\/natureauxpattes\/?page_id=29","title":{"rendered":"A propos"},"content":{"rendered":"<table border=\"0\" width=\"100%\" align=\"center\">\n<tbody>\n<tr>\n<td width=\"50%\">J&rsquo;adore les animaux ! En 2005, j&rsquo;ai essay\u00e9 de communiquer avec des animaux de diff\u00e9rents SPA fran\u00e7aises qui n&rsquo;avaient pas d&rsquo;histoire.<br \/>\nEn 2010, je me suis int\u00e9ress\u00e9 \u00e0 la reconnection et au massage canin.<br \/>\nEn 2011, j&rsquo;ai continu\u00e9 The reconnection\u00ae et ai \u00e9t\u00e9 certifi\u00e9.<br \/>\nEn 2012, j&rsquo;ai am\u00e9lior\u00e9 ma communication avec les animaux d\u00e9c\u00e9d\u00e9s. Suite au d\u00e9c\u00e8s de deux de mes chiens.<br \/>\nEn Novembre 2013, je me suis int\u00e9ress\u00e9 au Quantum Touch\u00ae et \u00e9t\u00e9 certifi\u00e9.<\/td>\n<td width=\"50%\"><a href=\"http:\/\/www.mac123.net\/natureauxpattes\/wp-content\/uploads\/2014\/01\/patrick.jpg\"><img loading=\"lazy\" decoding=\"async\" class=\"size-medium wp-image-32 aligncenter\" src=\"http:\/\/www.mac123.net\/natureauxpattes\/wp-content\/uploads\/2014\/01\/patrick-229x300.jpg\" alt=\"\" width=\"229\" height=\"300\" srcset=\"https:\/\/www.mac123.net\/natureauxpattes\/wp-content\/uploads\/2014\/01\/patrick-229x300.jpg 229w, https:\/\/www.mac123.net\/natureauxpattes\/wp-content\/uploads\/2014\/01\/patrick.jpg 734w\" sizes=\"auto, (max-width: 229px) 100vw, 229px\" \/><\/a><\/td>\n<\/tr>\n<\/tbody>\n<\/table>\n<p>&nbsp;<\/p>\n","protected":false},"excerpt":{"rendered":"<p>J&rsquo;adore les animaux ! En 2005, j&rsquo;ai essay\u00e9 de communiquer avec des animaux de diff\u00e9rents SPA fran\u00e7aises qui n&rsquo;avaient pas d&rsquo;histoire. En 2010, je me suis int\u00e9ress\u00e9 \u00e0 la reconnection et au massage canin. En 2011, j&rsquo;ai continu\u00e9 The reconnection\u00ae et ai \u00e9t\u00e9 certifi\u00e9. En 2012, j&rsquo;ai am\u00e9lior\u00e9 ma communication avec les animaux d\u00e9c\u00e9d\u00e9s. Suite &hellip; <a href=\"https:\/\/www.mac123.net\/natureauxpattes\/?page_id=29\" class=\"more-link\">Continuer la lecture de <span class=\"screen-reader-text\">A propos<\/span> <span class=\"meta-nav\">&rarr;<\/span><\/a><\/p>\n","protected":false},"author":1,"featured_media":0,"parent":0,"menu_order":5,"comment_status":"closed","ping_status":"open","template":"","meta":{"footnotes":""},"class_list":["post-29","page","type-page","status-publish","hentry"],"_links":{"self":[{"href":"https:\/\/www.mac123.net\/natureauxpattes\/index.php?rest_route=\/wp\/v2\/pages\/29","targetHints":{"allow":["GET"]}}],"collection":[{"href":"https:\/\/www.mac123.net\/natureauxpattes\/index.php?rest_route=\/wp\/v2\/pages"}],"about":[{"href":"https:\/\/www.mac123.net\/natureauxpattes\/index.php?rest_route=\/wp\/v2\/types\/page"}],"author":[{"embeddable":true,"href":"https:\/\/www.mac123.net\/natureauxpattes\/index.php?rest_route=\/wp\/v2\/users\/1"}],"replies":[{"embeddable":true,"href":"https:\/\/www.mac123.net\/natureauxpattes\/index.php?rest_route=%2Fwp%2Fv2%2Fcomments&post=29"}],"version-history":[{"count":7,"href":"https:\/\/www.mac123.net\/natureauxpattes\/index.php?rest_route=\/wp\/v2\/pages\/29\/revisions"}],"predecessor-version":[{"id":152,"href":"https:\/\/www.mac123.net\/natureauxpattes\/index.php?rest_route=\/wp\/v2\/pages\/29\/revisions\/152"}],"wp:attachment":[{"href":"https:\/\/www.mac123.net\/natureauxpattes\/index.php?rest_route=%2Fwp%2Fv2%2Fmedia&parent=29"}],"curies":[{"name":"wp","href":"https:\/\/api.w.org\/{rel}","templated":true}]}}